What is the remainder when 3234387 is divided by 30?
27
Calculate the remainder when 42109961 is divided by 19.
14
What is the remainder when 50789900 is divided by 7740?
20
Calculate the remainder when 4245283 is divided by 223.
32
Calculate the remainder when 4901774 is divided by 1633790.
404
What is the remainder when 163447691 is divided by 7194?
11
What is the remainder when 6911316 is divided by 26?
22
Calculate the remainder when 327640 is divided by 29773.
137
Calculate the remainder when 2379238 is divided by 54.
52
Calculate the remainder when 10004339 is divided by 1667375.
89
What is the remainder when 826977 is divided by 273?
60
Calculate the remainder when 163267 is divided by 39975.
3367
Calculate the remainder when 544423 is divided by 60484.
67
What is the remainder when 63757199 is divided by 1300?
1299
Calculate the remainder when 17880 is divided by 8408.
1064
Calculate the remainder when 126426 is divided by 291.
132
What is the remainder when 118333 is divided by 5904?
253
What is the remainder when 7814914 is divided by 1343?
1340
Calculate the remainder when 38588991 is divided by 19.
10
What is the remainder when 31102062 is divided by 1151928?
6
Calculate the remainder when 13526081 is divided by 315.
296
Calculate the remainder when 50690340 is divided by 16896776.
12
Calculate the remainder when 1237345 is divided by 2190.
2185
What is the remainder when 1291049 is divided by 304?
265
What is the remainder when 3587836 is divided by 525?
511
What is the remainder when 102224 is divided by 698?
316
Calculate the remainder when 40070335 is divided by 30.
25
What is the remainder when 708853 is divided by 268?
261
What is the remainder when 2741749 is divided by 13506?
31
What is the remainder when 53870 is divided by 278?
216
What is the remainder when 2000095 is divided by 1369?
1355
What is the remainder when 10434730 is divided by 52?
46
Calculate the remainder when 12969260 is divided by 19.
12
Calculate the remainder when 548913 is divided by 580.
233
Calculate the remainder when 545452 is divided by 181793.
73
Calculate the remainder when 524441 is divided by 5385.
2096
What is the remainder when 61396383 is divided by 2576?
2575
Calculate the remainder when 30240 is divided by 1054.
728
Calculate the remainder when 6191625 is divided by 10251.
21
What is the remainder when 18948 is divided by 390?
228
Calculate the remainder when 7650 is divided by 2529.
63
What is the remainder when 18178651 is divided by 1450?
1
What is the remainder when 183053 is divided by 910?
143
Calculate the remainder when 7001993 is divided by 653.
527
Calculate the remainder when 89619035 is divided by 719.
718
Calculate the remainder when 280191 is divided by 140020.
151
Calculate the remainder when 80895680 is divided by 156.
8
What is the remainder when 137487 is divided by 12489?
108
What is the remainder when 46721608 is divided by 292010?
8
What is the remainder when 277595 is divided by 371?
87
Calculate the remainder when 45672 is divided by 1974.
270
Calculate the remainder when 1491885 is divided by 3855.
0
What is the remainder when 3697979 is divided by 924482?
51
What is the remainder when 12591049 is divided by 754?
3
Calculate the remainder when 11730455 is divided by 1361.
1357
Calculate the remainder when 133244 is divided by 2135.
874
What is the remainder when 1996201 is divided by 1215?
1171
What is the remainder when 43607411 is divided by 109?
108
What is the remainder when 49725 is divided by 3241?
1110
Calculate the remainder when 1642134 is divided by 547278.
300
Calculate the remainder when 9089183 is divided by 1817805.
158
What is the remainder when 6930 is divided by 6827?
103
Calculate the remainder when 1568023 is divided by 39200.
23
Calculate the remainder when 361388 is divided by 49.
13
Calculate the remainder when 23648035 is divided by 748.
15
What is the remainder when 278122457 is divided by 55624491?
2
Calculate the remainder when 190788344 is divided by 165.
164
Calculate the remainder when 27255947 is divided by 3028438.
5
What is the remainder when 2082846 is divided by 14464?
30
What is the remainder when 111330 is divided by 1316?
786
Calculate the remainder when 2795204 is divided by 2794529.
675
What is the remainder when 1802844 is divided by 212?
208
What is the remainder when 111420 is divided by 2137?
296
Calculate the remainder when 61985 is divided by 12135.
1310
What is the remainder when 312946 is divided by 13036?
82
What is the remainder when 627118 is divided by 1181?
7
Calculate the remainder when 236873886 is divided by 1752.
1734
What is the remainder when 112273562 is divided by 853?
849
Calculate the remainder when 4013323 is divided by 1337773.
4
Calculate the remainder when 149204638 is divided by 3391014.
22
Calculate the remainder when 251530 is divided by 4485.
370
What is the remainder when 64425 is divided by 413?
410
What is the remainder when 1113415 is divided by 243?
232
Calculate the remainder when 1578746 is divided by 8627.
5
Calculate the remainder when 336189 is divided by 10197.
9885
Calculate the remainder when 51991792 is divided by 486.
484
Calculate the remainder when 4678637 is divided by 259919.
95
What is the remainder when 15510388 is divided by 123?
88
Calculate the remainder when 6436064 is divided by 6436046.
18
Calculate the remainder when 29206 is divided by 202.
118
Calculate the remainder when 13426302 is divided by 815.
807
Calculate the remainder when 940843 is divided by 321.
313
What is the remainder when 249688 is divided by 3563?
278
What is the remainder when 1710420 is divided by 27?
24
What is the remainder when 1452313 is divided by 726041?
231
Calculate the remainder when 5188124 is divided by 247052.
32
Calculate the remainder when 22356 is divided by 5225.
1456
What is the remainder when 1319290 is divided by 164910?
10
What is the remainder when 2457900 is divided by 886?
136
Calculate the remainder when 180057 is divided by 71.
1
Calculate the remainder when 680016 is divided by 226665.
21
Calculate the remainder when 962463 is divided by 319834.
2961
Calculate the remainder when 178870 is divided by 12732.
622
Calculate the remainder when 12782760 is divided by 7.
4
Calculate the remainder when 104044410 is divided by 84.
78
What is the remainder when 58301 is divided by 78?
35
Calculate the remainder when 104086239 is divided by 39.
36
Calculate the remainder when 50716755 is divided by 28981.
5
Calculate the remainder when 35430 is divided by 2437.
1312
Calculate the remainder when 59059121 is divided by 375.
371
Calculate the remainder when 2759970 is divided by 4029.
105
Calculate the remainder when 151444008 is divided by 47.
44
Calculate the remainder when 1599785 is divided by 319.
0
What is the remainder when 55416 is divided by 17830?
1926
What is the remainder when 16464 is divided by 4046?
280
Calculate the remainder when 14333257 is divided by 725.
7
Calculate the remainder when 187643 is divided by 1136.
203
Calculate the remainder when 22983469 is divided by 679.
677
Calculate the remainder when 5190634 is divided by 50.
34
What is the remainder when 36986590 is divided by 2372?
2366
What is the remainder when 2036143 is divided by 2346?
2161
What is the remainder when 153286 is divided by 17?
14
What is the remainder when 1053626 is divided by 110?
46
What is the remainder when 380621 is divided by 3767?
154
What is the remainder when 333710 is divided by 333710?
0
What is the remainder when 3323249 is divided by 976?
945
Calculate the remainder when 506955 is divided by 12531.
5715
What is the remainder when 7232240 is divided by 86?
70
Calculate the remainder when 808262 is divided by 202065.
2
Calculate the remainder when 5318220 is divided by 531820.
20
What is the remainder when 96365059 is divided by 1270?
1269
Calculate the remainder when 25403 is divided by 1581.
107
Calculate the remainder when 1109953093 is divided by 38.
35
Calculate the remainder when 930294 is divided by 66429.
288
Calculate the remainder when 142371 is divided by 1438.
9
Calculate the remainder when 11867646 is divided by 256.
254
Calculate the remainder when 256477 is divided by 63245.
3497
Calculate the remainder when 23